ose j = -4*v + 5219, -5*j - 6*v + 10*v = -26143. Is j composite?
False
Suppose 7*h - 2893 = -744. Is h a prime number?
True
Let m = 1 + -1. Let s = 3 + m. Is 25/1 + (s - 5) composite?
False
Is -1 + -4*534/(-4) prime?
False
Let h = 0 - -7. Let r = 11 - h. Suppose 2*j - 56 = -5*s, -r*s + s = -j - 27. Is s a composite number?
True
Let i(y) = -11*y**2 - 2*y + 10. Let j(n) = -6*n**2 - n + 5. Let g(v) = -3*i(v) + 5*j(v). Let u be 1/3 + 57/(-9). Is g(u) composite?
False
Suppose 0 = 4*z - 16, -2*q + 30 = -0*q + 4*z. Let i(k) = 29*k - 6. Let u be i(q). Suppose -12 = 5*w - u. Is w composite?
False
Let q = 243 + 8. Is q composite?
False
Let g be (-2)/12 - (-2703)/18. Let p = -107 + g. Is p composite?
False
Let c(a) = 2*a**2 + a - 2. Let f be c(-7). Suppose -5*g + f = 3*b, -6*b - 3*g + 115 = -2*b. Suppose l = -l + b. Is l a prime number?
False
Let f(r) = -68*r + 3. Let j(n) = n - 1. Let d(m) = -f(m) - 5*j(m). Let z = -8 + 11. Is d(z) a prime number?
True
Suppose -3*o - 19 - 3 = -2*f, -3*o = f - 2. Suppose f*g - 3*g = 4025. Suppose r - g = -4*r. Is r a prime number?
False
Is (-524)/(-4) - (4 - 0) prime?
True
Let o(a) be the first derivative of a**4/4 - 4*a**3/3 - 2*a**2 - 3*a - 1. Let v be o(5). Suppose -v*j + d = -2*d - 52, 5*j - d = 130. Is j composite?
True
Suppose -4*c + 820 = 5*i, -4*c + 5*c - 5*i - 205 = 0. Is c prime?
False
Let u(l) = l**2 + 16*l - 2. Let j be u(-16). Is (-24 - (-4)/(-2))/j composite?
False
Let u(i) = -9*i**2 + 8*i - 1. Let y be u(6). Let t = y - -508. Is (-2)/(-2 - (-456)/t) a composite number?
True
Let m(a) = -a**3 - 11*a**2 - 10*a + 9. Is m(-11) a prime number?
False
Let v(s) = s**3 - s**2 + 185. Let a be v(0). Suppose -2*q + 6 = 0, k - 5*q = -4*k + a. Suppose -k = 3*f - 109. Is f a prime number?
True
Let d = -241 + 912. Is d a prime number?
False
Suppose 2*m - 5*f + 1280 = 7*m, 3*f + 6 = 0. Let s = m + -59. Is s composite?
False
Suppose 7*v - 75 = 2*v. Suppose -2*g + v = 3*g. Is g a prime number?
True
Suppose -v + 5*s + 6 = -23, -3*v - 3*s = -33. Is v a prime number?
False
Is (-1 - 0/2)/(14/(-36526)) prime?
True
Suppose -3*z = -4*s + 216, -3*s + 0*z + 162 = -4*z. Suppose -o + s = -y, -4*o = -o + y - 150. Let h = -30 + o. Is h composite?
True
Let p = 347 + -245. Suppose -5*u + 2*w + p = 37, -4*u + 5*w = -52. Is u a prime number?
True
Suppose -c - 10 = 5*u, 0 = -c + 4*c + 3*u - 6. Suppose 5*a - 5 = -c*h, -5*h = -3*a - 2*h + 9. Suppose 2*g + a*g - 508 = 0. Is g composite?
False
Is 8/40 + (-564)/(-5) prime?
True
Suppose -g = -393 - 147. Suppose -4*m - 2*p = -g, m + p + 266 = 3*m. Suppose -a + m = a. Is a a composite number?
False
Let h(a) be the second derivative of a**4/6 + 3*a**3/2 + 3*a**2/2 + a. Is h(8) composite?
True
Let b be (-4)/(-6) + (-3514)/6. Suppose -4*m = 2*n + 20, 0 = -4*n + 4*m - 5 + 13. Is (-1)/n + b/(-10) a composite number?
False
Let w = 58 + -33. Suppose 7*d - 2*d = w. Suppose -d = 5*z - 55. Is z composite?
True
Let j = -5 - -11. Suppose 2*i = 4 - j. Is ((-1)/3)/(i/69) a prime number?
True
Suppose o + 3676 + 4943 = 4*h, 4*o + 4306 = 2*h. Is h composite?
True
Let t(q) = 100*q**2 - 11*q + 58. Is t(5) prime?
True
Let c = 4 - 4. Let t be 0/(0 - 1 - c). Suppose t = 4*g - 2*g - 106. Is g a prime number?
True
Let c = 129 - 91. Suppose -5*a = 4*x - 431, -51 = -a + 2*x + c. Is a a prime number?
False
Suppose 0 = -2*n - 290 + 1050. Suppose 3*z - 1075 = n. Is z a prime number?
False
Let j(t) = 4*t + 1. Let u be j(4). Let h(y) = 8*y**2 - y - 1. Let r be h(3). Suppose c - u = -n, 3*c + 5*n - r = -13. Is c a composite number?
True
Suppose 2*v + 3*d - 1217 = 0, -5*v + v + 4*d = -2464. Is v a prime number?
True
Suppose 3090 = 13*y - 2695. Is y a prime number?
False
Let i be 4/(-18) - 114/(-27). Suppose u = 3*y - 226, -u + 358 = i*y + 45. Is y a prime number?
False
Let h = -9 + 11. Suppose 0 = -h*k + k + 191. Is k composite?
False
Let v(n) = -n**3 + 14*n**2 - 15*n + 4. Is v(10) prime?
False
Suppose 3*a - 50 - 106 = 0. Is 1*((1 - 0) + a) a composite number?
False
Let c(q) = -282*q - 37. Is c(-6) a composite number?
True
Let r(j) = -j - 4. Let d be r(-8). Is 33/6*(d + 2) prime?
False
Let l(o) = 112*o**3 + o**2 + 3*o - 3. Is l(1) prime?
True
Is ((-3)/(-6))/(2/1004) a composite number?
False
Let v(j) = 2*j + 1. Let y be v(4). Let m be y/(5/2 - 1). Is 79/9 + m/27 a composite number?
True
Let m(n) = -n**2 + 8*n - 7. Let a be m(6). Is (a/15)/(1/63) a composite number?
True
Let s(j) = 409*j. Is s(13) composite?
True
Let o be ((-83)/2 - 0)*-4. Is -4*2*o/(-16) a composite number?
False
Let p be (-1)/(-5) + 609/5. Let r = p - 55. Is r composite?
False
Let o(p) = 11 - 10*p + 0*p - p - p. Is o(-5) a composite number?
False
Let m = 97 + -57. Let z = m - 3. Is z a prime number?
True
Let w = -4 + 4. Let d be (-2 + 1 - w)*-4. Let y(l) = 12*l - 1. Is y(d) a composite number?
False
Let p be (16/(-10))/(2/(-10)). Suppose 2 + p = 5*n. Suppose 46 + 75 = 5*x - n*i, -3*x = -3*i - 69. Is x a prime number?
False
Suppose -2*f - 4*m = 3*f - 1115, -f = -4*m - 223. Is f a prime number?
True
Suppose 0 = -z + 2*z + 27. Is z/(-18) + 379/2 prime?
True
Let s(j) = 3*j + 2. Let v be s(6). Suppose 0*o + v = 4*o. Suppose -3*z = -2*w - 59, o*w + 0 = -5. Is z a prime number?
True
Let w be 61 - 3/(-1 + -2). Suppose 3*v - 37 = w. Is v a prime number?
False
Let n = -6 - -9. Suppose m = d - 34, 3*m = -0 - n. Is d a composite number?
True
Let b(n) = -62*n + 7. Is b(-8) prime?
True
Suppose 6*p + 2198 = p - 2*h, -p - 2*h - 446 = 0. Is 1/3 + p/(-9) composite?
True
Let d(l) = 7*l**2 - 16*l + 11. Is d(10) a prime number?
False
Suppose 4*h + 2*d - 10 = 0, 3*h - 3 = -3*d + 3. Let i(s) = s**3 - s**2 + 2*s - 2. Is i(h) a prime number?
False
Is 293*5/4 - (-15)/20 a prime number?
True
Suppose 2*q + 3*a = 1606, -2*a - 2*a = -2*q + 1578. Is q prime?
True
Suppose -2*z = -5*m - 35, -m + z = 3*z + 7. Let q = m - -10. Suppose 3*k + 0*k = 3, q*h - 211 = -4*k. Is h composite?
True
Let d(h) be the first derivative of 0*h**2 + 23/3*h**3 + 0*h - 1. Is d(1) a composite number?
False
Suppose -3*y - 3*h + 2556 = 0, 4*y + h = 505 + 2900. Is y a composite number?
True
Let i = -5 - -9. Let k be i/6 - (-10)/3. Is k/(-22) + (-1368)/(-22) composite?
True
Suppose 88 = 4*m - 5*m. Let p = -195 - -16. Let g = m - p. Is g a prime number?
False
Let s(b) = 15*b**3 + b**2 - b - 3. Let t(f) = 14*f**3 + f**2 - f - 2. Let j(h) = 2*s(h) - 3*t(h). Let n be j(1). Is (-268)/n + 2/3 prime?
True
Let d = 6 - 5. Suppose -d = -f + 2. Suppose 0 = 3*j, -2*j = -r + f*r - 370. Is r a composite number?
True
Let q(g) = g**3 - 4*g**2 - 6*g + 6. Let i be q(5). Suppose -v - 4*y + 210 = -i, 2*y - 583 = -3*v. Is v a prime number?
True
Let d(x) = 2*x - 6. Let z be d(4). Suppose 0 = 3*j - t - 173, -6*j = -z*j - 5*t - 227. Is j prime?
False
Suppose -r - 5*h = -5*r + 24, -3*r = -2*h - 11. Let v = r + -1. Is 67 - (v - 4/2) a prime number?
False
Let b = 0 - -14. Is (0 + b)/((-8)/(-28)) composite?
True
Suppose 0 = -c + 1 + 2. Let u be (1 + 0 - c) + 145. Let w = -100 + u. Is w prime?
True
Suppose -32 = -3*t - 4*q + 2, -3*q + 33 = 3*t. Is t composite?
True
Let o(l) = -1 + 3 - 11 + 5*l. Is o(6) a prime number?
False
Let t(c) = -3 + 8 + 4*c**2 - 3*c**2 - 3*c + 4. Let q be t(7). Suppose 0 = 2*i - 9 - q. Is i a prime number?
True
Suppose b = -0*b. Suppose -5*p + b*p = 30. Let l = -3 - p. Is l composite?
False
Suppose 1666 = 4*j + 2*m, -m + 400 = j - 6*m. Is j a composite number?
True
Suppose 3*f = -4*f + 12327. Is f a composite number?
True
Let s = 2911 - 1014. Is s prime?
False
Let u = 27 + 0. Suppose -3*i + u = 4*c, -2*i + 4*c = -0*i - 38. Let a = i + 25. Is a prime?
False
Let a(n) = n**3 - 8*n**2 + n - 9. Let u be a(8). Is ((-1)/u - -1)*7 a composite number?
True
Is -3 + 5 + -1 + 54 prime?
False
Let x(v) be the second derivative of v**4/24 + 5*v**3/3 - v**2 - v. Let b(k) be the first derivative of x(k). Is b(0) composite?
True
Let v(s) = s**2 - 9*s + 3. Let i be v(6). Let d = 19 - i. Is d/5 - (-2)/10 a prime number?
True
Suppose -4*m + 0*m = -32. Is -2 - (-1 - m)/1 composite?
False
Suppose 4*b + 1 - 9 = 0. Suppose -y + b*w = -3*y + 60, -5*y + 105 = -4*w. Is y prime?
False
Let b be (2 + -40)/(1 - 3). Is b + 3 - 6/2 a prime number?
True
Let t = 32 + 42. Is t composite?
True
Suppose -3*a + 5*a = 0. Let z(n) = n + 91. Is z(a) a composite number